{"id":49,"date":"2020-03-19T09:48:38","date_gmt":"2020-03-19T09:48:38","guid":{"rendered":"https:\/\/www.designersusanna.fi\/?page_id=49"},"modified":"2021-08-06T09:17:22","modified_gmt":"2021-08-06T09:17:22","slug":"news","status":"publish","type":"page","link":"https:\/\/www.designersusanna.fi\/?page_id=49","title":{"rendered":"Uutiset"},"content":{"rendered":"<p>[et_pb_section fb_built=&#8221;1&#8243; _builder_version=&#8221;4.4.5&#8243; module_alignment=&#8221;center&#8221; custom_padding=&#8221;3px||3px||true|false&#8221;][et_pb_row column_structure=&#8221;3_5,2_5&#8243; use_custom_gutter=&#8221;on&#8221; gutter_width=&#8221;1&#8243; make_equal=&#8221;on&#8221; _builder_version=&#8221;4.4.5&#8243; width=&#8221;100%&#8221; max_width=&#8221;100%&#8221; custom_padding=&#8221;0px||0px||true|false&#8221;][et_pb_column type=&#8221;3_5&#8243; _builder_version=&#8221;4.4.5&#8243;][et_pb_blog include_categories=&#8221;all&#8221; show_content=&#8221;on&#8221; show_author=&#8221;off&#8221; show_date=&#8221;off&#8221; show_categories=&#8221;off&#8221; _builder_version=&#8221;4.4.7&#8243; header_level=&#8221;h1&#8243; header_font=&#8221;|||on|||||&#8221; header_line_height=&#8221;1.9em&#8221; body_font=&#8221;||||||||&#8221; body_font_size=&#8221;16px&#8221; meta_font=&#8221;|||on|||||&#8221; meta_line_height=&#8221;2em&#8221; custom_margin=&#8221;-81px|||||&#8221; custom_margin_last_edited=&#8221;off|phone&#8221; custom_padding=&#8221;|5px||5px|false|true&#8221;][\/et_pb_blog][\/et_pb_column][et_pb_column type=&#8221;2_5&#8243; _builder_version=&#8221;4.4.5&#8243; border_width_left=&#8221;1px&#8221;][et_pb_text _builder_version=&#8221;4.4.5&#8243; text_font=&#8221;|||on|||||&#8221; text_letter_spacing=&#8221;2px&#8221; header_font=&#8221;||||||||&#8221; header_2_font=&#8221;|||on|||||&#8221; header_2_font_size=&#8221;30px&#8221; text_orientation=&#8221;center&#8221; custom_margin=&#8221;24px||4px|||&#8221; custom_margin_tablet=&#8221;-113px||6px||false|false&#8221; custom_margin_phone=&#8221;&#8221; custom_margin_last_edited=&#8221;on|tablet&#8221; custom_padding=&#8221;9px|||||&#8221; custom_padding_tablet=&#8221;||||false|false&#8221; custom_padding_phone=&#8221;&#8221; custom_padding_last_edited=&#8221;on|desktop&#8221;]<\/p>\n<h2 style=\"text-align: center;\">Tulevia ja menneit\u00e4 n\u00e4yttelyit\u00e4:<\/h2>\n<p>[\/et_pb_text][et_pb_image src=&#8221;https:\/\/www.designersusanna.fi\/wp-content\/uploads\/2021\/08\/226318958_850421965892122_541466430608300394_n.jpg&#8221; title_text=&#8221;226318958_850421965892122_541466430608300394_n&#8221; _builder_version=&#8221;4.6.1&#8243; _module_preset=&#8221;default&#8221;][\/et_pb_image][et_pb_image src=&#8221;https:\/\/www.designersusanna.fi\/wp-content\/uploads\/2021\/08\/poster-SM-final.jpg&#8221; title_text=&#8221;poster-SM-final&#8221; _builder_version=&#8221;4.6.1&#8243; _module_preset=&#8221;default&#8221;][\/et_pb_image][et_pb_image src=&#8221;https:\/\/www.designersusanna.fi\/wp-content\/uploads\/2021\/08\/202539184_10159638154673055_2762008810518031793_n.jpg&#8221; title_text=&#8221;202539184_10159638154673055_2762008810518031793_n&#8221; _builder_version=&#8221;4.6.1&#8243; _module_preset=&#8221;default&#8221;][\/et_pb_image][et_pb_image src=&#8221;https:\/\/www.designersusanna.fi\/wp-content\/uploads\/2021\/08\/188888590_807704070163912_2845360354584006590_n.jpg&#8221; title_text=&#8221;188888590_807704070163912_2845360354584006590_n&#8221; _builder_version=&#8221;4.6.1&#8243; _module_preset=&#8221;default&#8221;][\/et_pb_image][et_pb_image src=&#8221;https:\/\/www.designersusanna.fi\/wp-content\/uploads\/2021\/08\/174216550_3803356916427969_8771823176083320951_n.jpg&#8221; title_text=&#8221;174216550_3803356916427969_8771823176083320951_n&#8221; _builder_version=&#8221;4.6.1&#8243; _module_preset=&#8221;default&#8221;][\/et_pb_image][et_pb_image src=&#8221;https:\/\/www.designersusanna.fi\/wp-content\/uploads\/2021\/08\/151954115_1008650076328409_36340435651733495_n.jpg&#8221; title_text=&#8221;151954115_1008650076328409_36340435651733495_n&#8221; _builder_version=&#8221;4.6.1&#8243; _module_preset=&#8221;default&#8221;][\/et_pb_image][et_pb_image src=&#8221;https:\/\/www.designersusanna.fi\/wp-content\/uploads\/2020\/10\/popup.jpg&#8221; title_text=&#8221;popup&#8221; align=&#8221;center&#8221; _builder_version=&#8221;4.6.1&#8243; _module_preset=&#8221;default&#8221;][\/et_pb_image][et_pb_image src=&#8221;https:\/\/www.designersusanna.fi\/wp-content\/uploads\/2020\/06\/Juliste-scaled.jpg&#8221; title_text=&#8221;PowerPoint-esitys&#8221; align=&#8221;center&#8221; _builder_version=&#8221;4.4.7&#8243;][\/et_pb_image][et_pb_image src=&#8221;https:\/\/www.designersusanna.fi\/wp-content\/uploads\/2020\/05\/Ceramega-2020-scaled.jpg&#8221; title_text=&#8221;Ceramega 2020&#8243; _builder_version=&#8221;4.4.7&#8243;][\/et_pb_image][et_pb_image src=&#8221;https:\/\/www.designersusanna.fi\/wp-content\/uploads\/2020\/05\/2020_20x20.jpg&#8221; title_text=&#8221;2020_20x20&#8243; align=&#8221;center&#8221; _builder_version=&#8221;4.4.5&#8243; width=&#8221;60%&#8221; custom_padding=&#8221;30px||30px||true|false&#8221;][\/et_pb_image][et_pb_image src=&#8221;https:\/\/www.designersusanna.fi\/wp-content\/uploads\/2020\/05\/2020_20x20-3.jpg&#8221; title_text=&#8221;2020_20x20 3&#8243; align=&#8221;center&#8221; _builder_version=&#8221;4.4.5&#8243; width=&#8221;70%&#8221; custom_padding=&#8221;61px|||||&#8221;][\/et_pb_image][et_pb_image src=&#8221;https:\/\/www.designersusanna.fi\/wp-content\/uploads\/2020\/05\/2020_20x20-2.jpg&#8221; title_text=&#8221;2020_20x20 2&#8243; align=&#8221;center&#8221; _builder_version=&#8221;4.4.5&#8243; width=&#8221;60%&#8221; custom_padding=&#8221;62px|||||&#8221;][\/et_pb_image][et_pb_image src=&#8221;https:\/\/www.designersusanna.fi\/wp-content\/uploads\/2020\/05\/2018taidetta_lammastilalla.jpg&#8221; title_text=&#8221;2018taidetta_lammastilalla&#8221; align=&#8221;center&#8221; _builder_version=&#8221;4.4.5&#8243; width=&#8221;60%&#8221; custom_padding=&#8221;61px|||||&#8221;][\/et_pb_image][et_pb_image src=&#8221;https:\/\/www.designersusanna.fi\/wp-content\/uploads\/2020\/05\/Na\u0308ytto\u0308kuva-2020-5-6-kello-8.26.58.png&#8221; title_text=&#8221;Na\u0308ytto\u0308kuva 2020-5-6 kello 8.26.58&#8243; align=&#8221;center&#8221; _builder_version=&#8221;4.4.5&#8243; width=&#8221;62%&#8221; custom_padding=&#8221;62px|||||&#8221;][\/et_pb_image][et_pb_image src=&#8221;https:\/\/www.designersusanna.fi\/wp-content\/uploads\/2020\/05\/2018-Kaheksa-Poster_web.jpeg&#8221; title_text=&#8221;2018 Kaheksa-Poster_web&#8221; align=&#8221;center&#8221; _builder_version=&#8221;4.4.5&#8243; width=&#8221;60%&#8221; module_alignment=&#8221;center&#8221; custom_padding=&#8221;63px|||||&#8221;][\/et_pb_image][et_pb_image src=&#8221;https:\/\/www.designersusanna.fi\/wp-content\/uploads\/2020\/05\/2017.jpg&#8221; title_text=&#8221;2017&#8243; align=&#8221;center&#8221; _builder_version=&#8221;4.4.5&#8243; width=&#8221;60%&#8221; custom_margin=&#8221;||26px|||&#8221; custom_padding=&#8221;58px|||||&#8221;][\/et_pb_image][et_pb_image src=&#8221;https:\/\/www.designersusanna.fi\/wp-content\/uploads\/2020\/05\/Na\u0308ytto\u0308kuva-2020-5-6-kello-8.27.20.png&#8221; title_text=&#8221;Na\u0308ytto\u0308kuva 2020-5-6 kello 8.27.20&#8243; align=&#8221;center&#8221; _builder_version=&#8221;4.4.5&#8243; width=&#8221;60%&#8221; custom_padding=&#8221;24px|||||&#8221;][\/et_pb_image][et_pb_image src=&#8221;https:\/\/www.designersusanna.fi\/wp-content\/uploads\/2020\/05\/2017-a4Julistevihrea\u0308kyynel2heijastuksia-scaled.jpg&#8221; title_text=&#8221;2017 a4Julistevihrea\u0308kyynel2heijastuksia&#8221; align=&#8221;center&#8221; _builder_version=&#8221;4.4.5&#8243; width=&#8221;60%&#8221; custom_padding=&#8221;||0px|||&#8221;][\/et_pb_image][et_pb_image src=&#8221;https:\/\/www.designersusanna.fi\/wp-content\/uploads\/2020\/05\/2016-Na\u0308yttelyinfo_Susanna_Tyrva\u0308inen_Vihrea\u0308_kyynel.jpg&#8221; title_text=&#8221;2016 Na\u0308yttelyinfo_Susanna_Tyrva\u0308inen_Vihrea\u0308_kyynel&#8221; align=&#8221;center&#8221; _builder_version=&#8221;4.4.5&#8243; width=&#8221;60%&#8221;][\/et_pb_image][et_pb_image src=&#8221;https:\/\/www.designersusanna.fi\/wp-content\/uploads\/2020\/05\/2014a.png&#8221; title_text=&#8221;2014a&#8221; align=&#8221;center&#8221; _builder_version=&#8221;4.4.5&#8243; width=&#8221;60%&#8221; custom_padding=&#8221;60px|||||&#8221;][\/et_pb_image][et_pb_image src=&#8221;https:\/\/www.designersusanna.fi\/wp-content\/uploads\/2020\/05\/Na\u0308ytto\u0308kuva-2020-5-6-kello-8.29.59.png&#8221; title_text=&#8221;Na\u0308ytto\u0308kuva 2020-5-6 kello 8.29.59&#8243; align=&#8221;center&#8221; _builder_version=&#8221;4.4.5&#8243; width=&#8221;60%&#8221; custom_padding=&#8221;60px|||||&#8221;][\/et_pb_image][\/et_pb_column][\/et_pb_row][\/et_pb_section][et_pb_section fb_built=&#8221;1&#8243; admin_label=&#8221;Footer Section&#8221; _builder_version=&#8221;4.4.5&#8243; background_color=&#8221;#1e1d1c&#8221; transform_scale_last_edited=&#8221;off|tablet&#8221; transform_translate_last_edited=&#8221;off|tablet&#8221; transform_rotate_last_edited=&#8221;off|tablet&#8221; transform_skew_last_edited=&#8221;off|tablet&#8221; transform_origin_last_edited=&#8221;off|tablet&#8221; transform_styles_last_edited=&#8221;off|tablet&#8221; width=&#8221;100%&#8221; max_width=&#8221;100%&#8221; custom_padding=&#8221;29px||29px||true|&#8221; global_module=&#8221;800&#8243; saved_tabs=&#8221;all&#8221; locked=&#8221;off&#8221;][et_pb_row column_structure=&#8221;1_3,1_3,1_3&#8243; admin_label=&#8221;Footer Area&#8221; _builder_version=&#8221;3.25&#8243;][et_pb_column type=&#8221;1_3&#8243; _builder_version=&#8221;3.25&#8243; custom_padding=&#8221;|||&#8221; custom_padding__hover=&#8221;|||&#8221;][et_pb_text ul_type=&#8221;none&#8221; admin_label=&#8221;Title&#8221; _builder_version=&#8221;4.0.3&#8243; text_font=&#8221;Poppins||||||||&#8221; text_text_color=&#8221;rgba(255,255,255,0.7)&#8221; text_font_size=&#8221;16px&#8221; text_line_height=&#8221;1.8em&#8221; ul_font=&#8221;Poppins||||||||&#8221; ul_text_align=&#8221;center&#8221; header_font=&#8221;||||||||&#8221; header_2_font=&#8221;Poppins||||||||&#8221; header_2_text_align=&#8221;center&#8221; header_2_font_size=&#8221;24px&#8221; header_2_line_height=&#8221;1.4em&#8221; text_orientation=&#8221;center&#8221; background_layout=&#8221;dark&#8221; custom_margin=&#8221;||15px|&#8221; custom_padding=&#8221;|||&#8221; animation_style=&#8221;fade&#8221;]<\/p>\n<h2>Studio<\/h2>\n<p>Savontie 39, <br \/>76100 Pieks\u00e4m\u00e4ki<\/p>\n<p>[\/et_pb_text][\/et_pb_column][et_pb_column type=&#8221;1_3&#8243; _builder_version=&#8221;3.25&#8243; custom_padding=&#8221;|||&#8221; custom_padding__hover=&#8221;|||&#8221;][et_pb_text ul_type=&#8221;none&#8221; admin_label=&#8221;Title&#8221; _builder_version=&#8221;4.4.5&#8243; text_font=&#8221;Poppins||||||||&#8221; text_text_color=&#8221;rgba(255,255,255,0.7)&#8221; text_font_size=&#8221;16px&#8221; text_line_height=&#8221;1.8em&#8221; ul_font=&#8221;Poppins||||||||&#8221; ul_text_align=&#8221;center&#8221; header_font=&#8221;||||||||&#8221; header_2_font=&#8221;Poppins||||||||&#8221; header_2_text_align=&#8221;center&#8221; header_2_font_size=&#8221;24px&#8221; header_2_line_height=&#8221;1.4em&#8221; text_orientation=&#8221;center&#8221; background_layout=&#8221;dark&#8221; custom_margin=&#8221;||15px|&#8221; custom_padding=&#8221;|||&#8221; animation_style=&#8221;fade&#8221;]<\/p>\n<h2>Puhelin<\/h2>\n<p><span>050 567 2283<\/span><\/p>\n<p>[\/et_pb_text][\/et_pb_column][et_pb_column type=&#8221;1_3&#8243; _builder_version=&#8221;3.25&#8243; custom_padding=&#8221;|||&#8221; custom_padding__hover=&#8221;|||&#8221;][et_pb_text ul_type=&#8221;none&#8221; admin_label=&#8221;Title&#8221; _builder_version=&#8221;4.4.5&#8243; text_font=&#8221;Poppins||||||||&#8221; text_text_color=&#8221;rgba(255,255,255,0.7)&#8221; text_font_size=&#8221;16px&#8221; text_line_height=&#8221;1.8em&#8221; ul_font=&#8221;Poppins||||||||&#8221; ul_text_align=&#8221;center&#8221; header_font=&#8221;||||||||&#8221; header_2_font=&#8221;Poppins||||||||&#8221; header_2_text_align=&#8221;center&#8221; header_2_font_size=&#8221;24px&#8221; header_2_line_height=&#8221;1.4em&#8221; text_orientation=&#8221;center&#8221; background_layout=&#8221;dark&#8221; custom_margin=&#8221;||15px|&#8221; custom_padding=&#8221;|||&#8221; animation_style=&#8221;fade&#8221;]<\/p>\n<h2>S\u00e4hk\u00f6posti<\/h2>\n<div class=\"_50f4\"><a href=\"mailto:susanna.tyrvainen@gmail.com\" target=\"_blank\" rel=\"noopener noreferrer\">susanna.tyrvainen@gmail.com<\/a><\/div>\n<p style=\"text-align: center;\">[\/et_pb_text][\/et_pb_column][\/et_pb_row][et_pb_row disabled_on=&#8221;off|off|off&#8221; admin_label=&#8221;Social Media&#8221; _builder_version=&#8221;3.25&#8243; custom_margin=&#8221;-1px|auto||auto||&#8221;][et_pb_column type=&#8221;4_4&#8243; _builder_version=&#8221;3.25&#8243; custom_padding=&#8221;|||&#8221; custom_padding__hover=&#8221;|||&#8221;][et_pb_social_media_follow _builder_version=&#8221;4.0.3&#8243; text_orientation=&#8221;center&#8221;][et_pb_social_media_follow_network social_network=&#8221;facebook&#8221; url=&#8221;https:\/\/www.facebook.com\/designersusanna&#8221; _builder_version=&#8221;4.0.3&#8243; background_color=&#8221;#fdb467&#8243; custom_margin=&#8221;|8px||8px&#8221; custom_padding=&#8221;14px|14px|14px|14px&#8221; border_radii=&#8221;on|100px|100px|100px|100px&#8221; follow_button=&#8221;off&#8221; url_new_window=&#8221;on&#8221;]facebook[\/et_pb_social_media_follow_network][et_pb_social_media_follow_network social_network=&#8221;instagram&#8221; url=&#8221;http:\/\/instagram.com\/designersusanna_&#8221; _builder_version=&#8221;4.0.3&#8243; background_color=&#8221;#fdb467&#8243; custom_margin=&#8221;|8px||8px&#8221; custom_padding=&#8221;14px|14px|14px|14px&#8221; border_radii=&#8221;on|100px|100px|100px|100px&#8221; follow_button=&#8221;off&#8221; url_new_window=&#8221;on&#8221;]instagram[\/et_pb_social_media_follow_network][\/et_pb_social_media_follow][\/et_pb_column][\/et_pb_row][\/et_pb_section][et_pb_section fb_built=&#8221;1&#8243; _builder_version=&#8221;4.4.7&#8243;][et_pb_row _builder_version=&#8221;4.4.7&#8243;][et_pb_column type=&#8221;4_4&#8243; _builder_version=&#8221;4.4.7&#8243;][\/et_pb_column][\/et_pb_row][\/et_pb_section]<\/p>\n","protected":false},"excerpt":{"rendered":"<p>Tulevia ja menneit\u00e4 n\u00e4yttelyit\u00e4:Studio Savontie 39, 76100 Pieks\u00e4m\u00e4kiPuhelin 050 567 2283S\u00e4hk\u00f6posti susanna.tyrvainen@gmail.com<\/p>\n","protected":false},"author":2,"featured_media":0,"parent":0,"menu_order":0,"comment_status":"closed","ping_status":"closed","template":"","meta":{"_et_pb_use_builder":"on","_et_pb_old_content":"","_et_gb_content_width":""},"yoast_head":"<!-- This site is optimized with the Yoast SEO plugin v16.9 - https:\/\/yoast.com\/wordpress\/plugins\/seo\/ -->\n<title>Uutiset | Susanna Tyrv&auml;inen Muotoilija<\/title>\n<meta name=\"robots\" content=\"index, follow, max-snippet:-1, max-image-preview:large, max-video-preview:-1\" \/>\n<link rel=\"canonical\" href=\"https:\/\/www.designersusanna.fi\/?page_id=49\" \/>\n<meta property=\"og:locale\" content=\"fi_FI\" \/>\n<meta property=\"og:type\" content=\"article\" \/>\n<meta property=\"og:title\" content=\"Uutiset | Susanna Tyrv&auml;inen Muotoilija\" \/>\n<meta property=\"og:description\" content=\"Tulevia ja menneit\u00e4 n\u00e4yttelyit\u00e4:Studio Savontie 39, 76100 Pieks\u00e4m\u00e4kiPuhelin 050 567 2283S\u00e4hk\u00f6posti susanna.tyrvainen@gmail.com\" \/>\n<meta property=\"og:url\" content=\"https:\/\/www.designersusanna.fi\/?page_id=49\" \/>\n<meta property=\"og:site_name\" content=\"Susanna Tyrv&auml;inen Muotoilija\" \/>\n<meta property=\"article:publisher\" content=\"https:\/\/www.facebook.com\/designersusanna\/\" \/>\n<meta property=\"article:modified_time\" content=\"2021-08-06T09:17:22+00:00\" \/>\n<meta name=\"twitter:card\" content=\"summary_large_image\" \/>\n<meta name=\"twitter:label1\" content=\"Arvioitu lukuaika\" \/>\n\t<meta name=\"twitter:data1\" content=\"6 minuuttia\" \/>\n<script type=\"application\/ld+json\" class=\"yoast-schema-graph\">{\"@context\":\"https:\/\/schema.org\",\"@graph\":[{\"@type\":\"Organization\",\"@id\":\"https:\/\/www.designersusanna.fi\/#organization\",\"name\":\"Desinger Susanna Tyrv\\u00e4inen\",\"url\":\"https:\/\/www.designersusanna.fi\/\",\"sameAs\":[\"https:\/\/www.facebook.com\/designersusanna\/\",\"https:\/\/www.instagram.com\/designersusanna_\"],\"logo\":{\"@type\":\"ImageObject\",\"@id\":\"https:\/\/www.designersusanna.fi\/#logo\",\"inLanguage\":\"fi\",\"url\":\"https:\/\/www.designersusanna.fi\/wp-content\/uploads\/2020\/05\/Na\\u0308ytto\\u0308kuva-2020-5-6-kello-12.22.11.png\",\"contentUrl\":\"https:\/\/www.designersusanna.fi\/wp-content\/uploads\/2020\/05\/Na\\u0308ytto\\u0308kuva-2020-5-6-kello-12.22.11.png\",\"width\":1034,\"height\":1034,\"caption\":\"Desinger Susanna Tyrv\\u00e4inen\"},\"image\":{\"@id\":\"https:\/\/www.designersusanna.fi\/#logo\"}},{\"@type\":\"WebSite\",\"@id\":\"https:\/\/www.designersusanna.fi\/#website\",\"url\":\"https:\/\/www.designersusanna.fi\/\",\"name\":\"Susanna Tyrv&auml;inen Muotoilija\",\"description\":\"Susanna Tyrv&auml;inen muotoilija\",\"publisher\":{\"@id\":\"https:\/\/www.designersusanna.fi\/#organization\"},\"potentialAction\":[{\"@type\":\"SearchAction\",\"target\":{\"@type\":\"EntryPoint\",\"urlTemplate\":\"https:\/\/www.designersusanna.fi\/?s={search_term_string}\"},\"query-input\":\"required name=search_term_string\"}],\"inLanguage\":\"fi\"},{\"@type\":\"WebPage\",\"@id\":\"https:\/\/www.designersusanna.fi\/?page_id=49#webpage\",\"url\":\"https:\/\/www.designersusanna.fi\/?page_id=49\",\"name\":\"Uutiset | Susanna Tyrv&auml;inen Muotoilija\",\"isPartOf\":{\"@id\":\"https:\/\/www.designersusanna.fi\/#website\"},\"datePublished\":\"2020-03-19T09:48:38+00:00\",\"dateModified\":\"2021-08-06T09:17:22+00:00\",\"breadcrumb\":{\"@id\":\"https:\/\/www.designersusanna.fi\/?page_id=49#breadcrumb\"},\"inLanguage\":\"fi\",\"potentialAction\":[{\"@type\":\"ReadAction\",\"target\":[\"https:\/\/www.designersusanna.fi\/?page_id=49\"]}]},{\"@type\":\"BreadcrumbList\",\"@id\":\"https:\/\/www.designersusanna.fi\/?page_id=49#breadcrumb\",\"itemListElement\":[{\"@type\":\"ListItem\",\"position\":1,\"name\":\"Home\",\"item\":\"https:\/\/www.designersusanna.fi\/\"},{\"@type\":\"ListItem\",\"position\":2,\"name\":\"Uutiset\"}]}]}<\/script>\n<!-- \/ Yoast SEO plugin. -->","yoast_head_json":{"title":"Uutiset | Susanna Tyrv&auml;inen Muotoilija","robots":{"index":"index","follow":"follow","max-snippet":"max-snippet:-1","max-image-preview":"max-image-preview:large","max-video-preview":"max-video-preview:-1"},"canonical":"https:\/\/www.designersusanna.fi\/?page_id=49","og_locale":"fi_FI","og_type":"article","og_title":"Uutiset | Susanna Tyrv&auml;inen Muotoilija","og_description":"Tulevia ja menneit\u00e4 n\u00e4yttelyit\u00e4:Studio Savontie 39, 76100 Pieks\u00e4m\u00e4kiPuhelin 050 567 2283S\u00e4hk\u00f6posti susanna.tyrvainen@gmail.com","og_url":"https:\/\/www.designersusanna.fi\/?page_id=49","og_site_name":"Susanna Tyrv&auml;inen Muotoilija","article_publisher":"https:\/\/www.facebook.com\/designersusanna\/","article_modified_time":"2021-08-06T09:17:22+00:00","twitter_card":"summary_large_image","twitter_misc":{"Arvioitu lukuaika":"6 minuuttia"},"schema":{"@context":"https:\/\/schema.org","@graph":[{"@type":"Organization","@id":"https:\/\/www.designersusanna.fi\/#organization","name":"Desinger Susanna Tyrv\u00e4inen","url":"https:\/\/www.designersusanna.fi\/","sameAs":["https:\/\/www.facebook.com\/designersusanna\/","https:\/\/www.instagram.com\/designersusanna_"],"logo":{"@type":"ImageObject","@id":"https:\/\/www.designersusanna.fi\/#logo","inLanguage":"fi","url":"https:\/\/www.designersusanna.fi\/wp-content\/uploads\/2020\/05\/Na\u0308ytto\u0308kuva-2020-5-6-kello-12.22.11.png","contentUrl":"https:\/\/www.designersusanna.fi\/wp-content\/uploads\/2020\/05\/Na\u0308ytto\u0308kuva-2020-5-6-kello-12.22.11.png","width":1034,"height":1034,"caption":"Desinger Susanna Tyrv\u00e4inen"},"image":{"@id":"https:\/\/www.designersusanna.fi\/#logo"}},{"@type":"WebSite","@id":"https:\/\/www.designersusanna.fi\/#website","url":"https:\/\/www.designersusanna.fi\/","name":"Susanna Tyrv&auml;inen Muotoilija","description":"Susanna Tyrv&auml;inen muotoilija","publisher":{"@id":"https:\/\/www.designersusanna.fi\/#organization"},"potentialAction":[{"@type":"SearchAction","target":{"@type":"EntryPoint","urlTemplate":"https:\/\/www.designersusanna.fi\/?s={search_term_string}"},"query-input":"required name=search_term_string"}],"inLanguage":"fi"},{"@type":"WebPage","@id":"https:\/\/www.designersusanna.fi\/?page_id=49#webpage","url":"https:\/\/www.designersusanna.fi\/?page_id=49","name":"Uutiset | Susanna Tyrv&auml;inen Muotoilija","isPartOf":{"@id":"https:\/\/www.designersusanna.fi\/#website"},"datePublished":"2020-03-19T09:48:38+00:00","dateModified":"2021-08-06T09:17:22+00:00","breadcrumb":{"@id":"https:\/\/www.designersusanna.fi\/?page_id=49#breadcrumb"},"inLanguage":"fi","potentialAction":[{"@type":"ReadAction","target":["https:\/\/www.designersusanna.fi\/?page_id=49"]}]},{"@type":"BreadcrumbList","@id":"https:\/\/www.designersusanna.fi\/?page_id=49#breadcrumb","itemListElement":[{"@type":"ListItem","position":1,"name":"Home","item":"https:\/\/www.designersusanna.fi\/"},{"@type":"ListItem","position":2,"name":"Uutiset"}]}]}},"_links":{"self":[{"href":"https:\/\/www.designersusanna.fi\/index.php?rest_route=\/wp\/v2\/pages\/49"}],"collection":[{"href":"https:\/\/www.designersusanna.fi\/index.php?rest_route=\/wp\/v2\/pages"}],"about":[{"href":"https:\/\/www.designersusanna.fi\/index.php?rest_route=\/wp\/v2\/types\/page"}],"author":[{"embeddable":true,"href":"https:\/\/www.designersusanna.fi\/index.php?rest_route=\/wp\/v2\/users\/2"}],"replies":[{"embeddable":true,"href":"https:\/\/www.designersusanna.fi\/index.php?rest_route=%2Fwp%2Fv2%2Fcomments&post=49"}],"version-history":[{"count":58,"href":"https:\/\/www.designersusanna.fi\/index.php?rest_route=\/wp\/v2\/pages\/49\/revisions"}],"predecessor-version":[{"id":1776,"href":"https:\/\/www.designersusanna.fi\/index.php?rest_route=\/wp\/v2\/pages\/49\/revisions\/1776"}],"wp:attachment":[{"href":"https:\/\/www.designersusanna.fi\/index.php?rest_route=%2Fwp%2Fv2%2Fmedia&parent=49"}],"curies":[{"name":"wp","href":"https:\/\/api.w.org\/{rel}","templated":true}]}}